. What is l(b)?
0
Let m(x) be the second derivative of -x**4/12 + 7*x**3/6 - x**2 - 20*x. Give m(6).
4
Let p(g) = -g - 6. Suppose -3*h + 10 = -2*h. Suppose 25 = -8*o + 3*o - 5*y, h = 3*o - 2*y. Calculate p(o).
-6
Let k(a) be the first derivative of a**3/3 + 3*a**2/2 + a + 3. Calculate k(-3).
1
Let t(a) be the first derivative of a**5/60 - a**4/8 - a**3/6 - a**2 + 1. Let p(b) be the second derivative of t(b). What is p(4)?
3
Let i(u) = u - 3. Let c be i(2). Let l(d) = -6*d**3 - d - 1. Give l(c).
6
Let w(r) = r**3 - 3*r**2 + 2*r - 2*r**2 + 1 + r + 3. Let y = 9 - -5. Suppose -2*x + 4*j - y = 0, 5*j = -3*x + 15 + 19. Give w(x).
-5
Let w(q) = -3*q - 9. Let u(j) = j + 4. Let v(m) = 5*u(m) + 2*w(m). Let h be v(2). Let b(c) = 2 - 3 - 4*c + h. What is b(-2)?
7
Let f(q) = -3*q - 3. Let d be f(-2). Suppose -8 = 2*o, d*g = o - 1 + 5. Let r(h) = -h + 5. Give r(g).
5
Suppose -5*q = 4*a + 5, -3*a + 5 = -0*a - 5*q. Let g(l) be the third derivative of -l**6/120 + l**5/60 - l**4/24 + l**3/6 - 55*l**2. Give g(a).
1
Let m(y) = y + 2. Let b = 21 + -29. Let s = b - -5. Determine m(s).
-1
Let q(d) = -d**3 - 2*d**2 + 3*d + 2. Let y be q(-3). Let p(h) be the first derivative of 2 + 1/2*h**y - 4*h. Determine p(0).
-4
Let p be (-2)/8 - 2/(-8). Let m = p - 0. Let b(n) be the second derivative of n**3/6 + 3*n**2/2 + 36*n. Determine b(m).
3
Let w be 3 - 2*4/8. Let z(h) = 3 + 4*h**w - 4*h**2 - 2*h**2 - h - 2*h. What is z(-3)?
-6
Let y(q) = 5*q**3 + 3*q**2 + 1. Let x(n) = 9*n**3 + 5*n**2 - n + 2. Let l(j) = 4*x(j) - 7*y(j). Determine l(3).
7
Let y(w) = -3*w**2 + 2*w - 1. Let x = 13 - 9. Suppose -11 = x*f + 9, -26 = -l + 5*f. What is y(l)?
-2
Let j(x) be the third derivative of -1/120*x**6 + 0*x - 1/15*x**5 - x**3 + 1/12*x**4 + 0 + 2*x**2. Give j(-5).
9
Let h(w) be the third derivative of w**4/12 - w**3/6 - 4*w**2. Suppose -2 - 2 = -4*v. Suppose 0 = -3*x - 4 + v. Calculate h(x).
-3
Let n(u) = 2 + 2 - u + 0 - 7. Let i be n(-1). Let d(m) = -m**3 - m**2 - 2*m - 1. Give d(i).
7
Let k(d) = d**2 + 3*d - 3. Let h(p) be the second derivative of p**3/6 - 11*p**2/2 - p. Let l be h(6). Determine k(l).
7
Let v(p) be the second derivative of p**3/3 + p**2/2 + 6*p. Calculate v(5).
11
Let h(s) be the third derivative of 1/8*s**4 + 0*s - 2*s**2 + 0 + 1/2*s**3. Determine h(-3).
-6
Let s(v) be the first derivative of v**4/4 + v**3 + 3*v**2/2 + v - 19. Let z be 1/(-2 - (-9)/6). What is s(z)?
-1
Let k(w) be the second derivative of -w**6/240 + w**5/30 - w**4/12 + w. Let y(h) be the third derivative of k(h). Let p be (-7)/((-56)/(-12))*-2. What is y(p)?
-5
Let q(s) be the third derivative of s**6/60 + s**4/24 - 15*s**2. What is q(-1)?
-3
Let i(v) = -6*v - 16. Let m(c) = -c - 1. Let g(s) = -i(s) + 5*m(s). Let b be g(-8). Let p(j) = j - 4. Give p(b).
-1
Suppose 11 = 3*n - y, -6*n + y = -2*n - 16. Suppose b - 29 = 5*l, -n*b + 5*l = -17 - 28. Let m(h) be the second derivative of h**3/3 + h**2/2 - h. What is m(b)?
9
Let m be (-4)/6 - (-58)/6. Let v be (-34)/10 + m/(-15). Let x(k) = k**3 + 6*k**2 + 5*k - 4. What is x(v)?
8
Let m(q) = -q**3 + 4*q**2 + 7*q. Suppose -14 = -4*y + 3*i, i - 6*i + 25 = 3*y. Determine m(y).
10
Let n(l) = 2*l**2 + 3*l + 3. Suppose -25 = 3*x + 2*x. Let y = x - -3. Calculate n(y).
5
Let x(i) be the third derivative of i**6/120 - 3*i**5/20 + 13*i**3/6 + 21*i**2. What is x(9)?
13
Let k(y) = y - 5. Suppose 2*p = -3*b - 12 + 1, p - 4*b = 0. Determine k(p).
-9
Let y(s) = 2 + 3*s + 2*s - 6*s + 1. Determine y(5).
-2
Suppose -y - r + 0 = -10, 0 = 2*r - 10. Let t(d) = 2*d + 8 - 4 + y. Determine t(-6).
-3
Suppose -2*j = 10, -2*u - j + 15 = 2*u. Suppose 0 = 4*z + 3*s, 0*z = 2*z + s - 2. Let n(d) = -7*d + z + d**2 + 1 + 0. Calculate n(u).
-6
Let a(n) be the second derivative of 4*n**3/3 + n**2/2 - 8*n. Let q(y) = y**2 + 4*y + 2. Let o be q(-3). Calculate a(o).
-7
Let h(r) = -31*r + 8 - 27*r + r**2 + 52*r. Calculate h(6).
8
Suppose 5*r - 10 = 4*y, 0*r = 4*y + 3*r + 26. Let g(o) = 6*o + 6 - 4*o - 4*o - o**2. Give g(y).
-9
Let p(k) = 0 + k**2 + 9*k - 2 - 9*k. What is p(-3)?
7
Let r(j) = -j**2 + 7*j - 3. Let a be r(5). Let g(f) = -f**2 + 5*f + 7. Give g(a).
-7
Let d(x) = -2*x - 5*x + 3*x - 3. Let g be d(-2). Let l(u) = -2*u - 1. Let t(i) = -i - 1. Let a(n) = g*t(n) - 4*l(n). Determine a(2).
5
Let c(u) = -u**3 - u**2 - 2*u - 2. Let v be c(-2). Let k(n) = 5 - 6*n + n**2 + 5 - 4 - n. Give k(v).
0
Let f(h) = -2*h + 0 - 1 - 14*h**2 + 7*h**2 + 6*h**2. What is f(-3)?
-4
Let m(u) = -3*u - 4. Suppose 0 = 5*d - d + 12. Let w be m(d). Let t(x) = -2*x - 2. Let h(n) = -n - 1. Let o(l) = -7*h(l) + 3*t(l). What is o(w)?
6
Suppose 0 = -z + t - 2, 0 = -4*z + z - t - 2. Let f(r) = 9*r - 1. Determine f(z).
-10
Let p(v) = -2*v + 1 - 4 + 3 + 2. Determine p(-3).
8
Let c(i) be the second derivative of 2*i + 1/12*i**4 + 1/6*i**3 + 0 + 0*i**2 + 1/4*i**5. Determine c(-1).
-5
Let w(r) = -r**3 + 3*r**2 - r + 1. Let c be w(2). Let q(a) = -a. Give q(c).
-3
Let c(y) = 2*y + y**2 - 2*y - 1 - 5*y. Let f be c(5). Let n(q) = 5*q**2 - 5*q + 6. Let v(l) = l - 1. Let j(u) = -n(u) - 5*v(u). Determine j(f).
-6
Let f(k) be the first derivative of -3 + 0*k - 1/2*k**2. Calculate f(6).
-6
Let p(d) = d**2 - d. Let h be p(1). Let z(s) be the third derivative of -s**5/60 - s**4/24 + 5*s**3/6 - s**2. Calculate z(h).
5
Suppose 5*l - 5 = 4*l. Let u(v) = v**3 - 7*v**2 - 9*v + 11. Let o be u(8). Let p(q) = 4 + q**3 + 0*q**3 - 5*q**2 + 5*q**o - 5*q**3. Calculate p(l).
4
Let q(u) = -4*u**3 - u. Let t(c) = c**3 - 5*c**2 - 4*c - 8. Let k be t(6). Suppose 6 - 2 = k*j. Calculate q(j).
-5
Let a(l) = l**3 + 3*l**2 + 3*l + 3. Let o(d) = -d - 1. Let s(m) = a(m) + 6*o(m). Give s(-2).
7
Let m(w) = -4*w**3 + 9*w**2 - 7*w + 6. Let s(j) = -7*j**3 + 18*j**2 - 15*j + 12. Let x(t) = 5*m(t) - 3*s(t). Calculate x(8).
10
Let k(m) = -2*m - 12. Suppose 16 = 2*n - 4*n. Let y be k(n). Let r(z) = z + 2. What is r(y)?
6
Let f = 2 - -3. Suppose f*m - 16 = m. Let t(s) = -4 + m - 8*s. Calculate t(-1).
8
Suppose 5*u - 27 = -7. Suppose -8 = -l + w + w, -4*l - u*w = 16. Let z(h) = -h - 8. Give z(l).
-8
Suppose 4*d + 4 = 2*d. Let y(u) = -u**3 + u**2. Let i be y(1). Let x(k) = -3*k**2 + i*k + 0 + 0*k + 2 - k**3. Determine x(d).
-2
Suppose q = -4*q + 20. Let p(c) = -4*c**3 + 4*c**3 + q*c**2 + 3*c + 5 - c**3. Calculate p(5).
-5
Suppose -6*l = -11*l + 35. Let m(n) = -2*n + 2. What is m(l)?
-12
Let v(p) = 240 + 2*p - 2*p**3 - 241 + 3*p**3. Determine v(2).
11
Let w(s) = s**2 + 9. Let y(v) be the second derivative of 3*v + 0 - 2*v**2 - 1/6*v**3. Let c be y(-4). Determine w(c).
9
Let u(m) = m**3 - 7*m**2 - m - 2. Let y(h) = -h**3 + 11*h**2 + 13*h - 5. Let d be y(12). What is u(d)?
-9
Let a(p) = p**3 - p**2 - 3*p - 3. Suppose 97 = 3*c - 65. Let o = c - 30. Suppose 3*m - 5*i = -6, 4*i - o = -3*m - i. What is a(m)?
6
Let k be (6/(-9))/(10/(-45)). Let b(s) = -s + 2. What is b(k)?
-1
Let x(p) = 3*p**2 + 2*p**2 - 75 + 76 + p**3. Calculate x(-5).
1
Let c = 18 - 0. Let v(x) = -17 + c - x + 2*x. Let b be 2/(-1 - -3) + -3. What is v(b)?
-1
Let u(n) be the third derivative of -n**7/2520 - n**6/180 + n**5/120 + 5*n**4/24 - 3*n**2. Let l(h) be the second derivative of u(h). What is l(-4)?
1
Suppose 3 = -2*r - 1. Let a(m) = m**3 - m + 2. Let q(x) = x**3 + x**2 + 1. Let n(s) = -2*a(s) + 3*q(s). Give n(r).
-1
Let t(h) = -4*h**2 + 12*h + 8*h**2 - 15*h + h**3 + 4. What is t(-4)?
16
Let y(b) = -4*b + 2. Let r(z) = z**2 - z + 2. Let c be r(2). Let w = -3 + 6. Suppose -3*d = w, c*i + 5*d + 1 = 4. What is y(i)?
-6
Let t = -48 + 52. Let v(c) = -c + 1. Calculate v(t).
-3
Let j(t) be the second derivative of t**4/6 + t**3/6 - 13*t**2/2 + 3*t. Let o(d) = 3*d**2 + d - 20. Let v(w) = 8*j(w) - 5*o(w). Determine v(-4).
0
Let q(s) = -s**2 + 10*s - 9. Let c be q(8). Suppose 2*v = t - c, -v - 3*t = -0*v. Let p(d) = 2*d - 3. What is p(v)?
-9
Let x(m) be the first derivative of m**3/3 - 7*m**2/2 - 6*m + 61. Calculate x(7).
-6
Let x be 15/(-5) - 1*-3. Let u be (8 - 8)*(x + 1). Let v(j) = -j**3 - j**2 - 4. Determine v(u).
-4
Let s(j) = 6*j. Let l(d) = -13*d. Let y(o) = -2*l(o) - 5*s(o). Let m = 10 + -6. Let a(h) = -5*h - 1. Let u(p) = m*y(p) - 3*a(p). Determine u(3).
0
Let g(t) = t**3 - 5*t**2 + 3*t + 5. Suppose 3*v - 6 - 3 = 0. Suppose 0 = 3*l - v, 3*d - 17 = l - 6*l. What is g(d)?
1
Let y(i) = 5*i**2 + 2*i + 8. Let b